{"id":7,"date":"2013-06-12T16:20:39","date_gmt":"2013-06-12T15:20:39","guid":{"rendered":"http:\/\/cerclecondorcet42.blogs.assoligue.org\/?page_id=7"},"modified":"2022-09-18T21:07:37","modified_gmt":"2022-09-18T20:07:37","slug":"qui-sommes-nous","status":"publish","type":"page","link":"https:\/\/cerclecondorcet42.blogs.assoligue.org\/?page_id=7","title":{"rendered":"Qui sommes nous ?"},"content":{"rendered":"<p><a href=\"http:\/\/cerclecondorcet42.blogs.assoligue.org\/wp-content\/uploads\/sites\/6\/2022\/09\/Cercle-Condorcet-de-ROANNE_page-0001.jpg\"><img loading=\"lazy\" decoding=\"async\" class=\"alignnone size-large wp-image-1514\" src=\"http:\/\/cerclecondorcet42.blogs.assoligue.org\/wp-content\/uploads\/sites\/6\/2022\/09\/Cercle-Condorcet-de-ROANNE_page-0001-1024x725.jpg\" alt=\"\" width=\"1024\" height=\"725\" srcset=\"https:\/\/cerclecondorcet42.blogs.assoligue.org\/wp-content\/uploads\/sites\/6\/2022\/09\/Cercle-Condorcet-de-ROANNE_page-0001-1024x725.jpg 1024w, https:\/\/cerclecondorcet42.blogs.assoligue.org\/wp-content\/uploads\/sites\/6\/2022\/09\/Cercle-Condorcet-de-ROANNE_page-0001-300x212.jpg 300w, https:\/\/cerclecondorcet42.blogs.assoligue.org\/wp-content\/uploads\/sites\/6\/2022\/09\/Cercle-Condorcet-de-ROANNE_page-0001-768x543.jpg 768w, https:\/\/cerclecondorcet42.blogs.assoligue.org\/wp-content\/uploads\/sites\/6\/2022\/09\/Cercle-Condorcet-de-ROANNE_page-0001-1536x1087.jpg 1536w, https:\/\/cerclecondorcet42.blogs.assoligue.org\/wp-content\/uploads\/sites\/6\/2022\/09\/Cercle-Condorcet-de-ROANNE_page-0001.jpg 1754w\" sizes=\"auto, (max-width: 1024px) 100vw, 1024px\" \/><\/a><\/p>\n<p><a href=\"http:\/\/cerclecondorcet42.blogs.assoligue.org\/wp-content\/uploads\/sites\/6\/2022\/09\/Cercle-Condorcet-de-ROANNE_page-0002.jpg\"><img loading=\"lazy\" decoding=\"async\" class=\"alignnone size-large wp-image-1515\" src=\"http:\/\/cerclecondorcet42.blogs.assoligue.org\/wp-content\/uploads\/sites\/6\/2022\/09\/Cercle-Condorcet-de-ROANNE_page-0002-1024x725.jpg\" alt=\"\" width=\"1024\" height=\"725\" srcset=\"https:\/\/cerclecondorcet42.blogs.assoligue.org\/wp-content\/uploads\/sites\/6\/2022\/09\/Cercle-Condorcet-de-ROANNE_page-0002-1024x725.jpg 1024w, https:\/\/cerclecondorcet42.blogs.assoligue.org\/wp-content\/uploads\/sites\/6\/2022\/09\/Cercle-Condorcet-de-ROANNE_page-0002-300x212.jpg 300w, https:\/\/cerclecondorcet42.blogs.assoligue.org\/wp-content\/uploads\/sites\/6\/2022\/09\/Cercle-Condorcet-de-ROANNE_page-0002-768x543.jpg 768w, https:\/\/cerclecondorcet42.blogs.assoligue.org\/wp-content\/uploads\/sites\/6\/2022\/09\/Cercle-Condorcet-de-ROANNE_page-0002-1536x1087.jpg 1536w, https:\/\/cerclecondorcet42.blogs.assoligue.org\/wp-content\/uploads\/sites\/6\/2022\/09\/Cercle-Condorcet-de-ROANNE_page-0002.jpg 1754w\" sizes=\"auto, (max-width: 1024px) 100vw, 1024px\" \/><\/a><\/p>\n<p><a href=\"http:\/\/cerclecondorcet42.blogs.assoligue.org\/wp-content\/uploads\/sites\/6\/2022\/09\/Cercle-Condorcet-de-ROANNE.pdf\">T\u00e9l\u00e9charger notre plaquette de pr\u00e9sentation<\/a><\/p>\n","protected":false},"excerpt":{"rendered":"<p>T\u00e9l\u00e9charger notre plaquette de pr\u00e9sentation<\/p>\n","protected":false},"author":6,"featured_media":0,"parent":0,"menu_order":0,"comment_status":"open","ping_status":"open","template":"","meta":{"footnotes":""},"class_list":["post-7","page","type-page","status-publish","hentry"],"_links":{"self":[{"href":"https:\/\/cerclecondorcet42.blogs.assoligue.org\/index.php?rest_route=\/wp\/v2\/pages\/7","targetHints":{"allow":["GET"]}}],"collection":[{"href":"https:\/\/cerclecondorcet42.blogs.assoligue.org\/index.php?rest_route=\/wp\/v2\/pages"}],"about":[{"href":"https:\/\/cerclecondorcet42.blogs.assoligue.org\/index.php?rest_route=\/wp\/v2\/types\/page"}],"author":[{"embeddable":true,"href":"https:\/\/cerclecondorcet42.blogs.assoligue.org\/index.php?rest_route=\/wp\/v2\/users\/6"}],"replies":[{"embeddable":true,"href":"https:\/\/cerclecondorcet42.blogs.assoligue.org\/index.php?rest_route=%2Fwp%2Fv2%2Fcomments&post=7"}],"version-history":[{"count":27,"href":"https:\/\/cerclecondorcet42.blogs.assoligue.org\/index.php?rest_route=\/wp\/v2\/pages\/7\/revisions"}],"predecessor-version":[{"id":1518,"href":"https:\/\/cerclecondorcet42.blogs.assoligue.org\/index.php?rest_route=\/wp\/v2\/pages\/7\/revisions\/1518"}],"wp:attachment":[{"href":"https:\/\/cerclecondorcet42.blogs.assoligue.org\/index.php?rest_route=%2Fwp%2Fv2%2Fmedia&parent=7"}],"curies":[{"name":"wp","href":"https:\/\/api.w.org\/{rel}","templated":true}]}}