{"id":134,"date":"2013-06-25T13:24:55","date_gmt":"2013-06-25T12:24:55","guid":{"rendered":"http:\/\/cerclecondorcet42.blogs.assoligue.org\/?page_id=134"},"modified":"2025-09-13T16:14:22","modified_gmt":"2025-09-13T15:14:22","slug":"conseil-dadministration","status":"publish","type":"page","link":"https:\/\/cerclecondorcet42.blogs.assoligue.org\/?page_id=134","title":{"rendered":"Conseil d&rsquo;Administration"},"content":{"rendered":"<p style=\"margin: 0cm 0cm 15.0pt 0cm;\"><span style=\"font-size: 9.0pt; font-family: 'Helvetica',sans-serif; color: #333333;\"><strong><a href=\"http:\/\/cerclecondorcet42.blogs.assoligue.org\/?page_id=7\"><img loading=\"lazy\" decoding=\"async\" class=\"size-full wp-image-1512 alignright\" src=\"http:\/\/cerclecondorcet42.blogs.assoligue.org\/wp-content\/uploads\/sites\/6\/2022\/09\/Essai-roll-up-CC-marron.jpg\" alt=\"\" width=\"377\" height=\"865\" srcset=\"https:\/\/cerclecondorcet42.blogs.assoligue.org\/wp-content\/uploads\/sites\/6\/2022\/09\/Essai-roll-up-CC-marron.jpg 377w, https:\/\/cerclecondorcet42.blogs.assoligue.org\/wp-content\/uploads\/sites\/6\/2022\/09\/Essai-roll-up-CC-marron-131x300.jpg 131w\" sizes=\"auto, (max-width: 377px) 100vw, 377px\" \/><\/a><\/strong><\/span><strong><br \/>\nCo-Pr\u00e9sidents :<br \/>\n<\/strong>Christian DEGOUTTE<br \/>\nSt\u00e9phane MILLET<\/p>\n<p><strong>Secr\u00e9taire :<\/strong><br \/>\nAnnick NESME<br \/>\n<strong>Secr\u00e9taire Adjoint :<br \/>\n<\/strong>Dominique NEY<br \/>\n<strong>Tr\u00e9sorier :<\/strong><br \/>\nDaniel LIE PAO<br \/>\n<strong>Tr\u00e9sori\u00e8re adjointe :<br \/>\n<\/strong>Fran\u00e7oise BOUVIER<\/p>\n<p><strong>Membres administrateurs :<\/strong><br \/>\nBernard LAPENDERY<br \/>\nBernard FURNON<br \/>\nDiley MEZY<br \/>\nLiliane BENURAUD<br \/>\nJeanne PATFOORT<br \/>\nMichel VIOSSAT<br \/>\nS\u00e9bastien PERNOT<\/p>\n","protected":false},"excerpt":{"rendered":"<p>Co-Pr\u00e9sidents : Christian DEGOUTTE St\u00e9phane MILLET Secr\u00e9taire : Annick NESME Secr\u00e9taire Adjoint : Dominique NEY Tr\u00e9sorier : Daniel LIE PAO Tr\u00e9sori\u00e8re adjointe : Fran\u00e7oise BOUVIER Membres administrateurs : Bernard LAPENDERY Bernard FURNON Diley MEZY Liliane BENURAUD Jeanne PATFOORT Michel VIOSSAT S\u00e9bastien PERNOT<\/p>\n","protected":false},"author":6,"featured_media":0,"parent":0,"menu_order":0,"comment_status":"closed","ping_status":"closed","template":"","meta":{"footnotes":""},"class_list":["post-134","page","type-page","status-publish","hentry"],"_links":{"self":[{"href":"https:\/\/cerclecondorcet42.blogs.assoligue.org\/index.php?rest_route=\/wp\/v2\/pages\/134","targetHints":{"allow":["GET"]}}],"collection":[{"href":"https:\/\/cerclecondorcet42.blogs.assoligue.org\/index.php?rest_route=\/wp\/v2\/pages"}],"about":[{"href":"https:\/\/cerclecondorcet42.blogs.assoligue.org\/index.php?rest_route=\/wp\/v2\/types\/page"}],"author":[{"embeddable":true,"href":"https:\/\/cerclecondorcet42.blogs.assoligue.org\/index.php?rest_route=\/wp\/v2\/users\/6"}],"replies":[{"embeddable":true,"href":"https:\/\/cerclecondorcet42.blogs.assoligue.org\/index.php?rest_route=%2Fwp%2Fv2%2Fcomments&post=134"}],"version-history":[{"count":31,"href":"https:\/\/cerclecondorcet42.blogs.assoligue.org\/index.php?rest_route=\/wp\/v2\/pages\/134\/revisions"}],"predecessor-version":[{"id":1774,"href":"https:\/\/cerclecondorcet42.blogs.assoligue.org\/index.php?rest_route=\/wp\/v2\/pages\/134\/revisions\/1774"}],"wp:attachment":[{"href":"https:\/\/cerclecondorcet42.blogs.assoligue.org\/index.php?rest_route=%2Fwp%2Fv2%2Fmedia&parent=134"}],"curies":[{"name":"wp","href":"https:\/\/api.w.org\/{rel}","templated":true}]}}